-805. Is (1*2809)/(h - 32) composite?
True
Let g be (1534344/224)/((-2)/(-128)). Suppose 26*n + 22*n = g. Is n composite?
False
Let t = -3395 + 2028. Is 11/(-1) - -5 - t composite?
False
Let a be 5059 - 18 - (-2 - (-6)/(-3)). Suppose 7*r = 2*r + a. Is r composite?
False
Let d(z) = -2*z**3 + 13*z**2 + 15*z + 17. Let s be d(8). Is (-4)/(-5) - 4631/s composite?
True
Suppose -z + 100 = -4*z - 5*p, -172 = 4*z - 3*p. Is (4054/(-6))/(z/12 - -3) a composite number?
False
Suppose -1430600 - 1415956 = -108*x. Is x a prime number?
True
Let q(z) = -8019*z + 3002. Is q(-23) a composite number?
True
Let f(c) = 12*c**2 + 18*c + 81. Suppose 124 = -30*h - 296. Is f(h) a composite number?
True
Suppose 144*m + 147587 = 149*m - 2*o, -m = -4*o - 29503. Is m a prime number?
False
Let y(k) = 94977*k + 14. Is y(5) a prime number?
True
Let l = 510862 + -361529. Is l composite?
False
Let g(q) = -5*q + 40. Let t be g(-10). Is 6965 + (t/42 + -3)*7 prime?
True
Let s(y) = 68*y + 21. Let j be s(8). Suppose f - 437 - j = 0. Suppose f + 347 = a. Is a a composite number?
True
Let w = 47 - 41. Suppose 0 = -w*z - 0*z - z. Suppose 7*q - 4430 - 4271 = z. Is q composite?
True
Is (351/78)/((-30)/8)*715465/(-3) prime?
False
Let c = 2 + -2. Let a(i) = -14*i + 624. Let u(n) = -22*n + 937. Let w(j) = 8*a(j) - 5*u(j). Is w(c) prime?
True
Let k(x) = -14 + 2*x**2 - 4 + 13 + 3*x. Let o be k(-3). Suppose -7*h = o*h - 3509. Is h a prime number?
False
Let g = -60224 - -147381. Is g prime?
False
Suppose q = -2*s + 100796 + 583848, 0 = 5*s + 3*q - 1711613. Is s composite?
False
Let a = -17 - -20. Suppose 3*p + 5 = y, 6*p + y - 5 = a*p. Suppose 5*m + p*m = 4*g + 5689, m - 1149 = -2*g. Is m a prime number?
False
Suppose 60*r - 54*r = 12. Suppose 16648 = r*q - 3*c, 4*q - 5*c = 8303 + 24995. Is q composite?
True
Let a(p) be the third derivative of p**5/60 - p**4/6 + 2*p**3/3 + 10*p**2. Let d be a(4). Is (6/d)/((-12)/(-14072)) a composite number?
False
Is 1/3*2261690/(-4)*(-6)/5 a prime number?
True
Let q = -309 + 344. Suppose 0 = q*j - 25*j - 147770. Is j a composite number?
True
Let r = 6 - 1. Let u(c) = -c**3 - 10*c**2 + 10*c + 79. Let f be u(-13). Suppose -s = -3*l - 217, -3*s - r*l + f = -s. Is s a prime number?
True
Let r(l) = 2*l**2 - 17*l + 2. Let o(i) = i**2. Let d(y) = 5*o(y) - r(y). Let z be d(-6). Let m(f) = 2*f**3 + 2*f**2 - 7*f - 5. Is m(z) a prime number?
True
Let i(q) = 37*q**2 + 4*q + 2. Suppose 20 = 4*k - 8*k. Let j = k - 0. Is i(j) a composite number?
False
Suppose 571*g - 570*g - 15 = 0. Is 753/(8/(280/g)) prime?
False
Let z(p) = 19960*p**3 + 2*p**2 - 12*p + 3. Is z(2) a composite number?
False
Let l(r) = -154*r**3 + 22*r**2 - 7*r + 42. Is l(-8) prime?
False
Suppose 5*k = -4*d + 219885, -4*k = k + 5*d - 219880. Suppose 0 = -19*b + 7737 + k. Is b composite?
True
Let b(k) = -8*k**2 - 8*k + 9. Let p be b(-16). Let t = 2687 + p. Let d = -163 + t. Is d a composite number?
False
Suppose 4*n + 32*z - 27*z = 631996, 3*n + 4*z = 473997. Is n a prime number?
True
Suppose 0 = 16*k - 6*k. Suppose 17*p - 17903 + 2790 = k. Is p composite?
True
Suppose 5*o + 18 = 8. Let f be (0 + 2)*((-43883)/o)/1. Suppose 44502 + f = 11*g. Is g a composite number?
True
Let t(s) = 24*s**2 + 3*s - 7. Let x = 28 + -25. Suppose -f - 3 = x. Is t(f) a prime number?
True
Suppose 7*z = 26695 + 20128. Is z prime?
True
Suppose 148*z - 139*z - 19449 = 0. Is z prime?
True
Is 7323729/437 - (234/57 - 4) prime?
True
Let f be (-2 - 1905)/((-5)/(-2) + -3). Let i = f + -2589. Let d = i + -542. Is d composite?
False
Suppose 0 = -5*a + 4*m + 22, -4*a + 45 - 25 = -2*m. Let g(b) = -1352*b - 6. Let j be g(-5). Suppose -a*v - 1252 + j = 0. Is v a prime number?
False
Suppose 2*i = 7*i - 340. Suppose 1520 + i = 4*p. Suppose 0 = -5*q + 498 + p. Is q composite?
False
Let g(k) = -2*k**3 + 12*k**2 - k + 5. Let f(m) = -m**2 - 23*m - 54. Let h be f(-20). Let q be g(h). Is q - -2 - (-1)/(8/13520) composite?
True
Let f be 10/4*(-13)/((-325)/30). Suppose 5*b = t - 9060, 0 = f*b - 8*b + 5. Suppose k - 4537 = -2*j, -4*j - k + 2*k + t = 0. Is j a prime number?
True
Let t(w) = -2*w**2 + w + 7. Let c be t(4). Let v = -2 - c. Let i(h) = h**3 - 11*h**2 - 20*h - 13. Is i(v) composite?
True
Is (-6*(-5)/75)/((-36)/30)*-18429 a prime number?
True
Suppose -609842 = -22*r + 239204. Is r composite?
False
Let g(y) = 17960*y - 983. Is g(7) prime?
False
Suppose -4 = 4*f + 4, -4*g + 4*f = 4372. Let s = g - -2278. Let n = 2060 - s. Is n a composite number?
False
Suppose -4265 + 20468 = 3*s + 5*z, 21604 = 4*s - 5*z. Is s composite?
True
Suppose -3*w - 6 = 0, 0*c - 4*w = 4*c - 55192. Suppose q - 8*u - 3439 = -3*u, -c = -4*q - 2*u. Is q prime?
True
Suppose 0 = 3*x - 2*x - 6. Suppose 4*z = -6 - x. Is (-7)/21 + (-172)/z composite?
True
Suppose 2*g + 1148 = -5*q + 8*q, 5*q - 3*g - 1914 = 0. Suppose -q*r + 383*r + 12821 = 0. Is r a composite number?
False
Suppose 215*s = -210*s + 36*s + 64102921. Is s prime?
True
Suppose 21*y = -34*y - 2071852 + 7110237. Is y a prime number?
False
Let r be -2 + (8362 - (-5 + 4 + 0)). Let d(l) = -147*l**2 + 7*l - 8. Let n be d(-6). Let q = r + n. Is q a composite number?
False
Suppose -143*g + 7056845 - 939486 = -1983162. Is g a prime number?
False
Let n = -803 - -843. Is 14/5 + 8/n + 62456 a composite number?
False
Let r(f) = f**2 - 9*f - 27. Let c be r(18). Let h(b) = 4*b**2 - 2*b + 12. Let a be h(11). Let x = a - c. Is x composite?
True
Let b(n) = 3*n**2 + n + 1. Let v be b(-1). Let j = 0 + v. Suppose 6893 + 5686 = j*l. Is l a composite number?
True
Suppose -14276 = -7*u + 22*u - 190481. Is u a prime number?
False
Let b = -60485 - -91954. Is b a composite number?
False
Suppose 66*l = -4*l - 41347 + 5296877. Is l prime?
True
Let z = -107 - -105. Is (1 + z)*-4 + (7034 - -65) prime?
True
Let i(n) = 10*n**3 + 7*n**2 + 164*n + 154. Is i(29) composite?
True
Suppose -s + 7*s = -3*s. Suppose 4*t - 5*u - 42396 = 0, 5*t - u - u - 52978 = s. Is t a composite number?
True
Suppose 359*x - 356*x = 2268. Let d = 1549 + x. Is d a composite number?
True
Let j = -45 + 73. Let u be 144/(2 + j/(-16)). Let w = -325 + u. Is w a prime number?
True
Let h = 4148 - 1824. Let o = h - 701. Is o a prime number?
False
Suppose -15 = -3*x, -4*w = -5*x + 59588 - 430047. Is w composite?
True
Let f = -221 - -272. Suppose 117 = -48*a + f*a. Is a composite?
True
Let i(w) = 2*w**3 - 11*w**2 - 10*w + 70. Let y = -369 - -386. Is i(y) prime?
True
Let a(i) = i**2 + 25*i + 119. Let q be a(-6). Suppose 2*f = c - 2197, 11*f = -q*c + 14*f + 11006. Is c composite?
False
Suppose -5*h - 3*t + 144247 + 58608 = 0, 0 = -3*h + 3*t + 121713. Is h a composite number?
True
Let r = -30287 - -42572. Suppose -r = -13*b + 23686. Is b a prime number?
True
Suppose -4*x - 36 - 4 = 0. Let u be 24/5*(-925)/x. Is (-2)/(-4) + (u/8 - -2) composite?
True
Let m be (-5 - -4)/(3/21). Let o(w) = -31*w**2 + 8*w + 36. Let z(k) = 31*k**2 - 9*k - 37. Let j(s) = -6*o(s) - 5*z(s). Is j(m) composite?
True
Suppose 181923 = 7*l + 6*l + 8*l. Is l a prime number?
True
Let i be -2 - (-4 - -5) - -23. Suppose -23*b + i = -19*b. Is (-787)/(-3) - ((-10)/3)/b a prime number?
True
Let t be ((-54644)/6)/(-1) + (-6)/(-9). Let z = -4573 + t. Is z a prime number?
False
Suppose -68 = -28*b + 44. Let f(v) = -351*v + 18. Let j(u) = -176*u + 9. Let z(y) = 2*f(y) - 5*j(y). Is z(b) a composite number?
True
Is (-236382)/(-15) + (-639)/355 a composite number?
True
Let c(s) = 3121*s**3 - 33*s**2 + 116*s + 17. Is c(4) composite?
False
Suppose -88*o + 18 = -85*o. Suppose -o*w + 3013 = -5*w. Is w a prime number?
False
Let t(o) = -1097*o - 322. Is t(-13) a prime number?
False
Suppose 191*j - 144*j = 388361. Is j a composite number?
False
Is (1 - (274 - -1))/((-13)/(19838/28)) composite?
True
Let q(o) = -o**3 + 4*o**2 + o + 5. Let b be q(4). Let g be (-6)/b*(-33 - -3) + -3. Is ((7/3)/(-1))/(g/(-10761)) a prime number?
False
Let b(t) = 2*t**3 - 9*t**2 + 9*t + 15. Let w be ((-1)/(10/25))/((-5)/24). Is b(w) a prime number?
False
Let d(h) = -4*h + 44. Let y be d(10). Suppose y*w + 5*u = 14376, -5*u = -4*w + 4493 + 9843. Is w a prime number?
False
Let z(j) = -j**3 - 5*j**2 - j + 4. Let s be z(-5). Suppose 2*d = -d + s. Is 9/27 + 956/d prime?
False
Let t(k) = -2*k**3 + 3*k**2 + 12*k - 1. Let q be (-6)/9 + (-1310)/15. Let r = q + 82. Is t(r) a 